0. Suppose -165 = 18*f - 29*f. What is the greatest common divisor of f and i?
15
Let u be (997 - 4) + 10/2 + -9. Calculate the greatest common divisor of 322 and u.
23
Suppose 171*z - 6 = 173*z, 4*g - 820 = -4*z. Calculate the highest common divisor of 2236 and g.
52
Let d(a) = 67*a - 45. Let k = -435 - -444. Let v be d(k). Calculate the highest common divisor of v and 18.
18
Let m = 57 + 24. Let q(r) = -38*r**3 + r**2 + 4*r + 4. Let p be q(-1). Let s be -5 - (-1 + p/(-3)). What is the greatest common factor of s and m?
9
Suppose 0 = -213*b + 212*b + 3286. What is the greatest common factor of 496 and b?
62
Suppose 3*b - 4*q = 5639, -80*q + 5567 = 3*b - 75*q. Calculate the highest common factor of b and 3471.
267
Let l(q) = 2*q**3 + 135*q**2 + 41*q + 146. Let y be l(-67). What is the greatest common divisor of y and 59?
59
Let c = -6209 - -11448. What is the greatest common factor of c and 169?
169
Let r = 1073 + -1054. Calculate the highest common divisor of 6 and r.
1
Let n = 10 + 80. Suppose p - 67 = 5*u, -3*p = -2*u - 22 + 3. Let q be 8/u + 603/63. Calculate the greatest common divisor of q and n.
9
Let o be ((-5)/(-4)*-4)/(95/(-3078)). What is the highest common factor of 801 and o?
9
Let x be 83 - -4 - (1 + 1). Suppose h - x - 69 = 0. Let v = -4339 - -4361. Calculate the greatest common factor of h and v.
22
Let j(w) = w**3 + 6*w**2 - 11*w - 13. Let c be j(-7). Let n be 1/4 - (-243)/(-12). Let f be (24/n)/2 + 2034/15. Calculate the highest common divisor of f and c.
15
Let h be (-172)/(-602) - 215/(-7) - (2 - -3). Calculate the greatest common factor of 1573 and h.
13
Let o(k) = 3*k**2 + 250*k - 4041. Let j be o(15). Suppose -6 = -3*x + 2*x. Calculate the greatest common divisor of x and j.
6
Let z be 410 - (-4 - -3)/((56/8)/7). What is the greatest common divisor of z and 17125?
137
Let l = -17413 - -17452. Calculate the highest common divisor of 3159 and l.
39
Suppose 52*h - 65*h = -1129 - 1341. Calculate the highest common factor of 130 and h.
10
Let a(k) = -10*k + 158. Let c be a(15). Let j(s) = -4 + 11*s + 5*s - 2*s**2 + 2*s. Let o be j(c). Calculate the highest common divisor of o and 30.
6
Let v be ((-12)/48)/(10/8) - 151/(-5). Calculate the highest common divisor of v and 210.
30
Let d = -347 - -728. Let a = d + -353. Suppose -3*n + 240 = -4*x, -4*n - 3*x + 325 = -20. Calculate the highest common factor of a and n.
28
Let z be 275408/98 - 48/(-28). Calculate the greatest common factor of z and 76.
76
Let y = -6 - 0. Let c be y*(0 - 3/2). Let q be (-12)/28*(-21)/3 + 78. Calculate the highest common divisor of q and c.
9
Let c = -148 + 144. Let z be (-5 - c)/((-2)/80). What is the greatest common factor of z and 90?
10
Suppose 4*u = x + 16066, -8 = 8*x - 12*x. What is the highest common factor of u and 39?
39
Let u(d) = 29*d**2 + 137*d - 5. Let f be u(-5). Calculate the highest common factor of 205 and f.
5
Suppose -4*l - 6842 = -2*o, 8*l + 13726 = 4*o + 6*l. What is the greatest common factor of o and 195?
15
Let t = 0 - -3. Let n be (-4)/(-10) - 90/(-25). Suppose b = -n*w + 112, -2*b + 5*b - 12 = 0. Calculate the greatest common factor of w and t.
3
Let z be 20/(-24) - 16701/(-342). Calculate the greatest common factor of z and 2032.
16
Let o(r) = -2*r + 21. Let y(m) = -m**2 - 9*m - 18. Let j be y(-5). Suppose j*q - 5 = -5. Let c be o(q). What is the highest common divisor of 21 and c?
21
Suppose 0 = 4*v + 5 - 21. Let t(q) = 25*q + 16. Let s be t(8). Suppose 3*k - 5 = 1, 0 = -5*p + 2*k + s. What is the highest common factor of v and p?
4
Suppose -5*j - 695 = -810. Let n be (-3 - -5)*(-3)/(-6). What is the highest common factor of n and j?
1
Suppose -50 = 3*b - 887. Let p = -239 + b. Calculate the highest common factor of p and 16.
8
Suppose 6*z = 3*z + 3. Let p(d) = 89*d**3 + 3*d**2 - 2*d + 1. Let g be p(z). What is the highest common factor of g and 13?
13
Suppose -195*d - 702 = -234*d. Suppose 3*x = s - 297, -s + 3*s + 5*x - 561 = 0. Calculate the highest common factor of s and d.
18
Let x = -4 + 6. Let m = 991 + -1042. Let p be (2/(-1))/(34/m). What is the highest common divisor of p and x?
1
Let x be 4/6 + (-68)/(-6). Let o(k) = k**2 + 8*k - 28. Let h be o(-11). Let u be h/(-5)*-3 - -27. What is the highest common divisor of u and x?
6
Suppose -2*m + 3*z + 15 = -m, -5*m - z + 75 = 0. Let n = m - -39. Let g = -6 + 12. Calculate the greatest common factor of n and g.
6
Let c = 0 - 7. Suppose -11605 = u - 0*u - h, -u - h = 11615. Let g be 1/c - u/126. What is the greatest common divisor of 23 and g?
23
Let a(y) = 9*y + 26. Let t = 75 - 69. Let k be a(t). Let l be (k/6)/(-4)*(-252)/15. Calculate the highest common factor of 14 and l.
14
Suppose 2345 = 3*y + 2*z, -3*y + 2*z + 3386 = 1021. Suppose y + 279 = -19*o. Let s = 154 + o. What is the highest common divisor of 14 and s?
14
Suppose -59*m + 56*m = -5*j - 556, 532 = 3*m - 2*j. Suppose 2*y - 8 = -0*y. Suppose -43 = 3*v - y*v. Calculate the highest common divisor of m and v.
43
Suppose -6*r + 12 = -18. Suppose k = 5*n + 125, -4*n - 39 = k - 173. Let o = -75 + k. What is the highest common divisor of o and r?
5
Suppose 0 = 144*b - 140*b - 412. Let q = 152 + b. Calculate the highest common divisor of q and 170.
85
Let i(z) = -z**3 + 31*z**2 - 68*z + 1149. Let y be i(30). Calculate the highest common factor of 3609 and y.
9
Let b = 13523 - 12304. Calculate the highest common divisor of 689 and b.
53
Let t = 57527 - 57517. Let g be ((0 - -1) + 9)/1. Suppose g - 2 = 2*k. What is the highest common factor of k and t?
2
Let j(u) = u**3 - 7*u**2 + 69*u - 354. Let a be j(6). Let g be (-20)/(-3)*(-24)/(-5). Calculate the highest common divisor of a and g.
8
Suppose -2*y - 104 = -7*l, -4*l = -y + 475 - 537. Suppose -4*f = -1806 - 354. Calculate the greatest common factor of f and l.
20
Let k(f) = 16*f**2 + 15*f - 34. Let y be k(-3). Calculate the greatest common factor of y and 4550.
65
Let p be 5/((-120)/(-81594)) + 0 - 2/(-8). Calculate the greatest common factor of p and 150.
50
Suppose 0*v - 1348 + 7998 = 35*v. Calculate the highest common factor of v and 7885.
95
Let y(z) = -17 - 43 - 46*z - 25. Let k be y(-3). What is the greatest common divisor of k and 477?
53
Let d(q) = 0*q - 3*q - 16 + 5*q + 52. Let f be d(-15). Let w be (27/f - 0)*(0 - -2). Calculate the highest common divisor of w and 1.
1
Suppose -5*g = 4*o - 1372, -o - 3*o + 5*g = -1332. Suppose 23*n = o + 214. Suppose 0 = -3*l + 132 + 12. What is the greatest common factor of n and l?
24
Let i be 18 - (3 + -6)*1. Let v = -214 - -242. Calculate the highest common divisor of v and i.
7
Let q(i) = 44*i - 188. Suppose 3*h + 1 = -4*a + 4, 2*a = -5*h + 19. Let s be q(h). Let m = 254 - 174. What is the highest common factor of m and s?
16
Let b be (28 + 4)*4/((-32)/(-14)). Suppose 2*s = -2*s + 3*j + 2007, -5*j - 1497 = -3*s. What is the highest common factor of b and s?
56
Let m = -15 - -16. Let w be (0 + 11 - m)/(-1 + 3). Suppose -w*f = 3*t - 126, f = -2*t - t + 126. Calculate the greatest common divisor of 105 and t.
21
Let r(c) = 13*c - 8*c - 3*c**2 - 47*c - 4. Let i be r(-15). Let d = i + 57. What is the greatest common divisor of d and 120?
8
Let w = -2 + 4. Let l be 1/2*0 + (-5 - -4). Let c be (l + w)/(-1)*-242. Calculate the greatest common divisor of 22 and c.
22
Let b = -591 + 596. Suppose 4*r + 480 = 9*r - b*o, -o + 4 = 0. What is the highest common factor of 100 and r?
100
Suppose 12 = -3*h, q - 128 + 42 = 2*h. Calculate the highest common divisor of 5226 and q.
78
Let t = -146 - -172. Suppose -308 = 19*n - t*n. Calculate the highest common factor of 11 and n.
11
Suppose w = u - 645, 2*u = -3*w + 927 + 368. Calculate the highest common divisor of u and 136.
34
Let l be (-33)/6*(-8)/11. What is the greatest common factor of 82 and l?
2
Suppose 22*g = g + 21. Let h be (-538 + -5)/(-2 + g). Suppose -6*y + h = -105. Calculate the highest common divisor of y and 12.
12
Let g be (2/(-10))/((-99)/14850). Calculate the highest common factor of g and 610.
10
Let c(o) = 408*o - 402*o + 9 + 39. Let u(a) = a + 8. Let q(x) = 6*c(x) - 34*u(x). Let j be q(-6). What is the highest common divisor of 2 and j?
2
Let m be (65/25)/(8/1000) + -5. Calculate the greatest common factor of 500 and m.
20
Let a(h) = 4*h - 21. Let b(i) = -46*i